j - t - 206. Is h a prime number?
False
Suppose 2*r - 589061 = -m, r - 5*m + 589089 = 3*r. Is r a composite number?
True
Let n be 3/2 - 876852/(-24). Let q = n + -18754. Is q a prime number?
True
Suppose 3*r + 7 = 22, 0 = -j - r - 26851. Let h = 42283 + j. Is h a composite number?
False
Suppose 2*z = -66*b + 65*b + 78152, -3*b = -z + 39097. Is z composite?
False
Suppose 5*x = -5*i + 35, 4*i + 4*x = i + 23. Suppose i*w = 9*w - 28. Suppose 5*h - 5*s = 330, 3*s - w*s = 2*h - 150. Is h prime?
False
Let g = -60 + -34. Let r = 361 + g. Suppose -52*o + 55*o = r. Is o prime?
True
Let g be 1*(5 + -4)*(5 + -3). Suppose -4*p - g*u + 107786 = 0, 3*p + 4*u = -2*p + 134731. Is p prime?
True
Let l(u) = -4261*u**3 + 3*u**2 + 9*u - 23. Is l(-4) a composite number?
False
Suppose 0 = -11*y - 10*y + 72660. Suppose 0 = 9*k - y + 1201. Is k a prime number?
True
Suppose -3*w = 4*p - 57790, p - 16463 = 2*w - 2021. Suppose 4*q - p = -0*t + 2*t, 4*q - 14439 = -5*t. Is q a prime number?
False
Let z(j) = -j**3 + 3*j**2 + 4*j - 2. Let u be (-3)/(-6)*8 + 0 + 0. Let p be z(u). Is 508 + -1 - (p + 4) a composite number?
True
Let s = -45 - -42. Let h(g) = -67*g - 23. Let c be h(s). Suppose -27*y - c = -29*y. Is y a composite number?
False
Suppose -5*i - 2*x = -7*i + 12824, 3*i = -x + 19236. Is i/10 - 33/165 a composite number?
False
Let j = 662 + -641. Suppose -29817 = -j*k + 21822. Is k a prime number?
True
Let l(u) be the third derivative of -u**5/60 + 7*u**4/12 - 14*u**3/3 - 21*u**2. Let y be l(11). Suppose -2*x - 156 = -q - y*x, -5*x = 5. Is q a prime number?
False
Let i be 2/((-9)/(-14) - (-7)/(-14)). Suppose 1 = -l, -3*w = -4*l + i - 54. Suppose 0 = w*x - 4733 - 247. Is x prime?
False
Suppose -154*v + 3524688 + 25802870 = -25406660. Is v a prime number?
True
Let k be 4 - 8/1*(-11)/22. Let s(m) = m - 23. Let l be s(k). Is 1*(23139/15 - 6/l) a composite number?
False
Suppose -h + 1764593 = j, 0 = j + 493 - 489. Is h a prime number?
False
Suppose 50*n - 3*n = 97624687. Is n a prime number?
True
Let t(x) = -x**2 + 6*x + 18. Let m = -3 + 20. Let i be t(m). Is 1 + (-2 - 2)*i a prime number?
True
Suppose -3*t = -3*y, 3*t + 6 = 5*y - 2. Let l(m) = 16*m**3 - 4*m**2 - 9*m + 35. Is l(y) prime?
False
Let b be ((-2 - -4602) + -4)*(1 + 1). Suppose -4*m + b = -11396. Is m prime?
True
Suppose 1879*s - 1875*s = 4*t - 288500, -144254 = -2*t + 3*s. Is t a prime number?
False
Suppose -13*q + 9*q = -828. Let m be (-92)/(-3)*q/6. Suppose 5*h - 1227 = m. Is h prime?
True
Let c be (-3)/(-4) - 459/(-108). Suppose -c*g + 1767 = -2*g. Is g composite?
True
Suppose 4*g = -4*s - 84, 3 - 23 = 4*g. Let u be ((-1320)/s)/15*(0 - -4358). Suppose 5*r - u = -6*r. Is r composite?
False
Suppose -p = -14260 - 12502. Let s = -12933 + p. Is s composite?
False
Suppose -33*g + 3 = -34*g. Suppose -3*o + 3 = -33. Is (g - 1)*(-4755)/o prime?
False
Let o be -982*628/(-120) - 12/90. Let d = o + -3430. Is d composite?
False
Let v = 27 - 27. Suppose v = -4*u - 4955 + 13591. Let k = 308 + u. Is k a prime number?
True
Suppose 4*k - 1190541 = -27*k + 306542. Is k a prime number?
False
Suppose 0 = -4*q - 5*i + 36, 0 = -4*q - 0*q - 4*i + 36. Let f be 1/9*-2 - (-20)/q. Suppose -5*z = 0, 5*k - 6308 = k + f*z. Is k composite?
True
Let i be (-8)/(-5) - (-8)/20. Let k be 20/8*i + 0. Suppose 2*a + 303 = h - 2*a, -3*a = k*h - 1469. Is h a prime number?
False
Suppose -3*d = -3*l - 5446 - 4469, 3*d + l = 9919. Is (1 - d/(-10)) + 27/(-45) a composite number?
False
Let l(m) be the first derivative of 193*m**2/2 - 30*m + 1. Suppose 37*w + 121 = 385 + 217. Is l(w) a composite number?
True
Is 1146351/((45/50)/((-45)/(-30))) a composite number?
True
Let y(q) = -74606*q + 663. Is y(-5) prime?
True
Let d = 99 - 61. Let j = 43 - d. Suppose -j*k + 4396 + 4409 = 0. Is k composite?
True
Let c = 5 - 2. Suppose 0 = 3*g - 4*a - 32, c*g - 44 = -2*g + 2*a. Is -818*(g/4)/(-4) a composite number?
False
Suppose r - 5*i = 212919, -3*i + 31 - 37 = 0. Is r a composite number?
False
Suppose 0 = 45*n - 6040556 - 18739. Is n composite?
True
Let y(h) be the first derivative of 691*h**4/24 - h**3/3 + h**2/2 - 21. Let x(s) be the second derivative of y(s). Is x(1) prime?
False
Suppose -77699 - 121424 = -5*u + 3*s, 5*s + 199125 = 5*u. Is ((-1)/2)/((-8)/u) composite?
True
Let y(p) = p**2 - 3*p - 3. Let t be y(4). Suppose -u - t = 4. Is (-1)/(-4)*194*(-1 - u) composite?
True
Let w = 615932 + -273325. Is w prime?
True
Suppose -x + 33487 = 30*s - 33*s, -167415 = -5*x + 5*s. Is x a composite number?
True
Let h(t) be the third derivative of 11*t**6/120 + t**5/30 + t**4/12 - 2*t**3/3 + 4*t**2 + 2. Is h(3) a composite number?
False
Suppose -12*h - 57 - 63 = 0. Is (h - -2413) + 4/1 prime?
False
Let i = -18 + 20. Let j be (3 - i)*(-697)/1. Let f = 1218 + j. Is f composite?
False
Let h(p) = 3086*p + 228. Is h(1) prime?
False
Let k(d) = d + 4. Let c = -59 - -59. Let o be k(c). Suppose v - 4*g = 6*v - 9678, 0 = 2*v + o*g - 3876. Is v a composite number?
True
Let t be (2 - 0 - -260) + 3. Suppose -7*n + 106 = -t. Let a = n + 66. Is a a composite number?
True
Suppose m = 3*q + 119, 4*q + 1 + 19 = 0. Suppose 108*v = m*v + 45340. Is v a prime number?
False
Let d(w) be the third derivative of 0*w + 0 - 1/6*w**3 + 22*w**2 + 77/6*w**5 - 1/12*w**4. Is d(1) a prime number?
False
Let a = 79955 - 6538. Is a composite?
False
Suppose 566 = z - 4*l, 5*z + 4*l = 472 + 2238. Is 1*(z + (-5 - 0)) composite?
False
Let a be (-1 + 5)*(-12)/(-8). Suppose q + 18 = 5*w, -5*w + 20 = 4*q - 2*w. Suppose a*l - 8596 = q*l. Is l a prime number?
False
Let i = 17 + -2. Suppose -3*c = -8*c + i. Is -1*(-2250)/c + (-2 - -3) prime?
True
Let m(h) = 1913*h**3 + h**2 - 16*h + 23. Is m(2) a composite number?
False
Let r be (-11)/(-374)*548 + 2/(-17). Is 5 - ((-6265)/2 - (-8)/r) composite?
False
Let b be (-35)/(-4) - 9/12. Is 2/b - 72423/(-52) prime?
False
Suppose 3*h - 73 = 2*h. Let s = 71 - h. Is ((-5118)/(-12))/(s/(-4)) a prime number?
True
Let a be (-12)/9*945/(-28). Suppose -a*o + 35*o = -76390. Is o prime?
True
Suppose 29 + 10 = 13*h. Suppose 0 = 5*u + 5*s - 3*s - 4361, -u - h*s = -880. Is u prime?
False
Is (-58)/87*-2*(-5)/20*-2370099 a prime number?
True
Suppose -2*h + 4*c = -219294, -2*h = -4*h - c + 219289. Is h composite?
True
Suppose -3*v - 30 = 7*v. Let u be (-2 - -7)/(v/(-87)). Is u/(-29) + 342 + 0 prime?
True
Let u(s) = s**3 - 7*s**2 - 12. Let g be u(7). Let o be (-20)/2 + 2 - (-12 - g). Is (o/6)/(10/(-5205)) composite?
True
Is (1*(-2)/(-1))/((-36)/(-7750926)) prime?
False
Let a be -1*(0 - 3) + -1 + 0. Suppose a*p + 2*c = -0*p + 12, 2*c - 6 = p. Suppose -2282 = -p*u + 1244. Is u a prime number?
False
Let q(n) = 530*n - 27. Let r(w) = 1. Let x(h) = q(h) + 4*r(h). Let t be x(-8). Let a = -2416 - t. Is a a prime number?
True
Suppose 4*t + 2*p = 10, -3*t = t + 5*p + 5. Suppose 3*g + 3*h - 5069 = 985, t*h + 4057 = 2*g. Is g a prime number?
False
Suppose -5*f + 16*g - 18*g = -1527797, 1527767 = 5*f - 3*g. Is f prime?
False
Let z(f) = f**3 + 11*f**2 - 12*f + 4. Let s be z(-12). Let k(g) = 163*g**3 + 3*g**2 - 2*g + 3. Let a be k(s). Suppose -8*x + 3*x = -a. Is x composite?
True
Let o(n) = 94*n**2 - 11*n + 11. Let g(q) = q**2 + 1. Let y(f) = -g(f) - o(f). Let m(j) be the first derivative of y(j). Is m(-3) composite?
True
Let s(h) = -856*h**3 + 7*h**2 + 3*h - 49. Is s(-5) composite?
True
Let c(f) = 6278*f**2 + 26*f - 17. Is c(1) a composite number?
False
Suppose 13355353 - 1394514 = -27*g + 38*g. Is g a prime number?
True
Let m = 563 + -560. Suppose 0 = -z + 2*y + 2, -z - 2*y = 3*z + 2. Suppose -3*a - 2*l + 2121 = 0, 0 = m*a - z*l + l - 2121. Is a prime?
False
Let o(h) = 755*h - 14. Let v be o(4). Let g = v + -6616. Let l = g - -5337. Is l prime?
False
Suppose 9*o - 2*o = -49. Let r(q) = -q**3 - 7*q**2 - 3*q - 15. Let u be r(o). Suppose -y - l + 1974 = 0, -5*y = -3*l + u*l - 9868. Is y a composite number?
False
Is (9/54)/(5/30)*182803 prime?
True
Let y(o) = o**3 + 7*o**2 + 11*o - 1. Let a be y(-4). Let s(k) = 9 + 5*k - k**2 + 0*k**2 + 2*k**2 - 4*k**a + 2*k**2. Is s(-4) a composite number?
False
Suppose 5*g - 694 = 721. Let s = g + -484. Is 3 - (3 + -2) - (12 + s) prime?
True
Suppose 28 = 4*a - 5*o, -2*a + o - 5*o = -14. Suppose a*u - 1 = 6. Is ((-1142)/(-4))/(u/2) a composite number?
False
Suppose 1860 = 14*